Rapporti Climatici in stile NOAA
Selezionare un Anno o un Mese
2024: Gen Feb Mar Apr Mag Giu Lug Ago Set Ott Nov Dic
2023: Gen Feb Mar Apr Mag Giu Lug Ago Set Ott Nov Dic
2022: Gen Feb Mar Apr Mag Giu Lug Ago Set Ott Nov Dic
2021: Gen Feb Mar Apr Mag Giu Lug Ago Set Ott Nov Dic
2020: Gen Feb Mar Apr Mag Giu Lug Ago Set Ott Nov Dic
2019: Gen Feb Mar Apr Mag Giu Lug Ago Set Ott Nov Dic
2018: Gen Feb Mar Apr Mag Giu Lug Ago Set Ott Nov Dic
2017: Gen Feb Mar Apr Mag Giu Lug Ago Set Ott Nov Dic
2016: Gen Feb Mar Apr Mag Giu Lug Ago Set Ott Nov Dic
2015: Gen Feb Mar Apr Mag Giu Lug Ago Set Ott Nov Dic
2014: Gen Feb Mar Apr Mag Giu Lug Ago Set Ott Nov Dic
2013: Gen Feb Mar Apr Mag Giu Lug Ago Set Ott Nov Dic
2012: Gen Feb Mar Apr Mag Giu Lug Ago Set Ott Nov Dic
2011: Gen Feb Mar Apr Mag Giu Lug Ago Set Ott Nov Dic
2010: Gen Feb Mar Apr Mag Giu Lug Ago Set Ott Nov Dic
2009: Gen Feb Mar Apr Mag Giu Lug Ago Set Ott Nov Dic
2008: Gen Feb Mar Apr Mag Giu Lug Ago Set Ott Nov Dic
2007: Gen Feb Mar Apr Mag Giu Lug Ago Set Ott Nov Dic
2006: Gen Feb Mar Apr Mag Giu Lug Ago Set Ott Nov Dic
2024: Gen Feb Mar Apr Mag Giu Lug Ago Set Ott Nov Dic
2023: Gen Feb Mar Apr Mag Giu Lug Ago Set Ott Nov Dic
2022: Gen Feb Mar Apr Mag Giu Lug Ago Set Ott Nov Dic
2021: Gen Feb Mar Apr Mag Giu Lug Ago Set Ott Nov Dic
2020: Gen Feb Mar Apr Mag Giu Lug Ago Set Ott Nov Dic
2019: Gen Feb Mar Apr Mag Giu Lug Ago Set Ott Nov Dic
2018: Gen Feb Mar Apr Mag Giu Lug Ago Set Ott Nov Dic
2017: Gen Feb Mar Apr Mag Giu Lug Ago Set Ott Nov Dic
2016: Gen Feb Mar Apr Mag Giu Lug Ago Set Ott Nov Dic
2015: Gen Feb Mar Apr Mag Giu Lug Ago Set Ott Nov Dic
2014: Gen Feb Mar Apr Mag Giu Lug Ago Set Ott Nov Dic
2013: Gen Feb Mar Apr Mag Giu Lug Ago Set Ott Nov Dic
2012: Gen Feb Mar Apr Mag Giu Lug Ago Set Ott Nov Dic
2011: Gen Feb Mar Apr Mag Giu Lug Ago Set Ott Nov Dic
2010: Gen Feb Mar Apr Mag Giu Lug Ago Set Ott Nov Dic
2009: Gen Feb Mar Apr Mag Giu Lug Ago Set Ott Nov Dic
2008: Gen Feb Mar Apr Mag Giu Lug Ago Set Ott Nov Dic
2007: Gen Feb Mar Apr Mag Giu Lug Ago Set Ott Nov Dic
2006: Gen Feb Mar Apr Mag Giu Lug Ago Set Ott Nov Dic
Archivio 2008 Febbraio
MONTHLY CLIMATOLOGICAL SUMMARY for FEB. 2008 Name: San Fruttuoso City: Genova State: Italy Elevation: 70 m Lat: N 44° 24' 34" Lon: E 008° 57' 38" Temperature (°C), Rain (mm), Wind Speed (km/h) Heat Cool Avg Mean Deg Deg Wind Dom Day Temp High Time Low Time Days Days Rain Speed High Time Dir ------------------------------------------------------------------------------------- 01 10.8 11.9 12:28 09.1 00:20 07.5 00.0 02.6 13.4 40.7 19:23 SSE 02 09.3 11.6 00:33 08.1 19:53 09.0 00.0 08.3 06.3 44.4 00:43 SE 03 07.5 08.6 12:38 06.3 23:18 10.8 00.0 01.0 06.0 33.3 15:13 NNE 04 07.3 11.3 13:33 03.4 20:28 11.0 00.0 30.0 08.8 53.6 19:08 NE 05 09.5 15.0 13:43 04.1 00:03 08.8 00.0 00.5 05.8 38.9 00:28 NNW 06 09.0 13.2 11:28 05.4 03:53 09.3 00.0 00.0 09.4 35.1 23:18 NNE 07 13.6 16.2 13:48 07.6 00:03 04.7 00.0 00.0 05.8 37.0 15:18 NNW 08 10.2 13.8 13:03 07.2 03:28 08.1 00.0 00.0 08.6 33.3 19:03 N 09 08.5 11.4 15:23 06.3 09:13 09.8 00.0 00.0 09.8 46.3 23:23 N 10 08.7 13.7 14:08 05.8 04:38 09.6 00.0 00.0 07.8 40.7 02:28 N 11 08.3 12.5 15:33 05.6 05:53 10.0 00.0 00.0 09.0 44.4 12:13 N 12 08.9 12.8 14:03 06.1 07:43 09.4 00.0 00.0 07.5 38.9 21:08 N 13 07.8 11.9 12:13 04.8 00:00 10.5 00.0 00.0 07.5 33.3 00:53 NNE 14 06.9 11.5 11:48 02.9 05:58 11.4 00.0 00.0 09.6 31.4 10:03 NNW 15 07.6 11.6 12:43 03.8 06:53 10.7 00.0 00.0 08.4 29.6 12:33 NW 16 07.4 10.2 14:13 03.8 07:23 10.9 00.0 00.0 10.1 48.1 06:23 NNW 17 05.5 08.8 14:58 02.7 07:58 12.8 00.0 00.0 08.0 38.9 19:58 N 18 06.0 08.9 23:10 01.8 05:38 12.3 00.0 00.0 07.0 35.1 16:18 N 19 09.4 09.9 19:33 08.8 01:59 08.9 00.0 00.0 04.6 35.1 19:03 SE 20 09.8 11.6 13:43 07.9 00:00 08.5 00.0 00.0 04.2 37.0 14:28 SE 21 10.6 14.4 12:58 07.7 01:18 07.7 00.0 00.0 05.3 38.9 13:58 NW 22 10.2 13.8 12:53 07.4 08:18 08.1 00.0 00.0 06.5 27.8 16:58 NW 23 10.3 12.3 12:53 07.1 03:33 08.0 00.0 00.0 05.7 29.6 00:33 NNW 24 11.4 13.8 13:03 08.2 23:48 06.9 00.0 00.0 04.2 31.4 15:23 WSW 25 10.3 14.1 13:13 06.6 04:58 08.0 00.0 00.0 07.0 33.3 06:28 ENE 26 11.1 12.4 12:54 10.3 05:59 07.2 00.0 01.0 02.8 27.8 06:53 ENE 27 12.3 14.5 10:33 10.3 02:23 06.0 00.0 00.5 04.7 24.1 15:43 SE 28 12.8 14.6 16:03 10.4 00:00 05.5 00.0 00.0 01.2 14.8 23:28 NW 29 11.6 12.8 11:18 09.8 02:13 06.7 00.0 03.1 06.3 27.8 21:03 SE ------------------------------------------------------------------------------------- 9.4 (9.5) 16.2 day 07 01.8 day 18 258.3 000.0 047.2 06.9 53.7 day 02 N Min <= 20: 29 Max Rain: 30.0 ON 4-02-08 Days of Rain: 8 (> .2mm) 4 (> 2mm) 1 (> 20mm)