Rapporti Climatici in stile NOAA
Selezionare un Anno o un Mese
2024: Gen Feb Mar Apr Mag Giu Lug Ago Set Ott Nov Dic
2023: Gen Feb Mar Apr Mag Giu Lug Ago Set Ott Nov Dic
2022: Gen Feb Mar Apr Mag Giu Lug Ago Set Ott Nov Dic
2021: Gen Feb Mar Apr Mag Giu Lug Ago Set Ott Nov Dic
2020: Gen Feb Mar Apr Mag Giu Lug Ago Set Ott Nov Dic
2019: Gen Feb Mar Apr Mag Giu Lug Ago Set Ott Nov Dic
2018: Gen Feb Mar Apr Mag Giu Lug Ago Set Ott Nov Dic
2017: Gen Feb Mar Apr Mag Giu Lug Ago Set Ott Nov Dic
2016: Gen Feb Mar Apr Mag Giu Lug Ago Set Ott Nov Dic
2015: Gen Feb Mar Apr Mag Giu Lug Ago Set Ott Nov Dic
2014: Gen Feb Mar Apr Mag Giu Lug Ago Set Ott Nov Dic
2013: Gen Feb Mar Apr Mag Giu Lug Ago Set Ott Nov Dic
2012: Gen Feb Mar Apr Mag Giu Lug Ago Set Ott Nov Dic
2011: Gen Feb Mar Apr Mag Giu Lug Ago Set Ott Nov Dic
2010: Gen Feb Mar Apr Mag Giu Lug Ago Set Ott Nov Dic
2009: Gen Feb Mar Apr Mag Giu Lug Ago Set Ott Nov Dic
2008: Gen Feb Mar Apr Mag Giu Lug Ago Set Ott Nov Dic
2007: Gen Feb Mar Apr Mag Giu Lug Ago Set Ott Nov Dic
2006: Gen Feb Mar Apr Mag Giu Lug Ago Set Ott Nov Dic
2024: Gen Feb Mar Apr Mag Giu Lug Ago Set Ott Nov Dic
2023: Gen Feb Mar Apr Mag Giu Lug Ago Set Ott Nov Dic
2022: Gen Feb Mar Apr Mag Giu Lug Ago Set Ott Nov Dic
2021: Gen Feb Mar Apr Mag Giu Lug Ago Set Ott Nov Dic
2020: Gen Feb Mar Apr Mag Giu Lug Ago Set Ott Nov Dic
2019: Gen Feb Mar Apr Mag Giu Lug Ago Set Ott Nov Dic
2018: Gen Feb Mar Apr Mag Giu Lug Ago Set Ott Nov Dic
2017: Gen Feb Mar Apr Mag Giu Lug Ago Set Ott Nov Dic
2016: Gen Feb Mar Apr Mag Giu Lug Ago Set Ott Nov Dic
2015: Gen Feb Mar Apr Mag Giu Lug Ago Set Ott Nov Dic
2014: Gen Feb Mar Apr Mag Giu Lug Ago Set Ott Nov Dic
2013: Gen Feb Mar Apr Mag Giu Lug Ago Set Ott Nov Dic
2012: Gen Feb Mar Apr Mag Giu Lug Ago Set Ott Nov Dic
2011: Gen Feb Mar Apr Mag Giu Lug Ago Set Ott Nov Dic
2010: Gen Feb Mar Apr Mag Giu Lug Ago Set Ott Nov Dic
2009: Gen Feb Mar Apr Mag Giu Lug Ago Set Ott Nov Dic
2008: Gen Feb Mar Apr Mag Giu Lug Ago Set Ott Nov Dic
2007: Gen Feb Mar Apr Mag Giu Lug Ago Set Ott Nov Dic
2006: Gen Feb Mar Apr Mag Giu Lug Ago Set Ott Nov Dic
Archivio 2007 Dicembre
MONTHLY CLIMATOLOGICAL SUMMARY for DEC. 2007 Name: San Fruttuoso City: Genova State: Italy Elevation: 70 m Lat: N 44° 24' 34" Lon: E 008° 57' 38" Temperature (°C), Rain (mm), Wind Speed (km/h) Heat Cool Avg Mean Deg Deg Wind Dom Day Temp High Time Low Time Days Days Rain Speed High Time Dir ------------------------------------------------------------------------------------- 01 12.5 13.8 15:54 10.3 01:39 05.8 00.0 00.0 07.7 37.0 19:39 SE 02 13.0 15.1 13:38 10.8 09:08 05.3 00.0 00.0 07.4 42.5 23:53 SE 03 13.2 14.8 17:28 12.0 10:44 05.1 00.0 00.0 10.7 57.4 04:38 ENE 04 12.6 16.6 15:14 07.1 06:33 05.7 00.0 00.0 04.9 40.7 13:39 NNW 05 10.7 15.3 11:29 07.6 07:38 07.6 00.0 00.0 09.0 25.9 12:24 N 06 11.3 15.1 12:29 07.9 00:22 07.0 00.0 00.0 04.9 22.2 11:14 NNW 07 11.9 12.8 22:04 09.8 00:11 06.4 00.0 00.0 04.6 29.6 05:56 ESE 08 11.2 15.2 15:14 07.7 00:00 07.1 00.0 00.0 10.0 61.0 08:04 NNW 09 09.0 11.8 09:41 05.9 00:00 09.3 00.0 02.6 04.3 33.3 14:56 NNE 10 08.3 13.4 14:00 04.6 04:39 10.0 00.0 00.0 07.3 22.2 02:03 NNW 11 12.2 14.8 15:24 09.4 08:01 06.1 00.0 00.0 08.2 33.3 15:49 NNW 12 11.3 13.8 15:04 08.8 08:16 07.0 00.0 00.0 07.6 50.0 11:34 N 13 11.7 14.2 15:14 07.8 00:00 06.6 00.0 00.0 05.5 38.9 00:30 N 14 08.5 13.2 13:39 05.1 05:07 09.8 00.0 00.0 06.7 42.5 15:14 N 15 05.5 08.9 00:50 02.6 00:00 12.8 00.0 00.0 07.0 42.5 18:24 NNW 16 03.6 05.3 16:05 01.8 07:35 14.7 00.0 00.0 06.3 40.7 14:30 NNW 17 04.4 07.4 13:00 02.2 05:20 13.9 00.0 00.0 10.1 57.4 20:25 N 18 03.5 04.3 07:00 02.8 22:35 14.8 00.0 00.0 11.9 55.5 00:50 N 19 07.2 10.3 15:25 03.4 00:55 11.1 00.0 00.0 08.9 42.5 01:00 NNE 20 09.1 13.3 14:10 05.1 00:00 09.2 00.0 00.0 03.4 18.5 21:20 N 21 04.6 08.0 18:00 03.9 16:09 13.7 00.0 00.0 07.1 35.1 23:25 NNW 22 08.2 10.6 12:05 04.9 23:40 10.1 00.0 02.6 08.1 37.0 23:29 N 23 05.0 05.9 15:50 04.2 08:44 13.3 00.0 15.5 06.5 42.5 04:44 NNE 24 08.5 12.2 15:19 05.5 00:05 09.8 00.0 00.0 07.0 38.9 05:30 N 25 07.7 09.6 02:39 05.5 23:59 10.6 00.0 00.0 09.4 38.9 06:09 NNE 26 06.2 07.8 13:54 04.6 06:34 12.1 00.0 00.0 07.8 53.6 04:24 NNE 27 07.1 10.0 13:14 05.4 23:24 11.2 00.0 00.0 08.8 40.7 09:09 N 28 07.3 10.6 15:09 04.9 05:49 11.0 00.0 00.0 09.5 44.4 08:29 N 29 06.8 12.1 12:55 03.2 04:30 11.5 00.0 00.0 08.2 29.6 09:00 NNW 30 05.9 08.3 12:39 04.2 01:40 12.4 00.0 00.0 09.9 48.1 23:59 NNW 31 08.2 11.8 12:54 05.4 01:24 10.1 00.0 00.0 08.5 51.8 00:25 N ------------------------------------------------------------------------------------- 8.6 (8.7) 16.6 day 04 01.8 day 16 301.5 000.0 021.2 07.6 61.1 day 17 N Max <= 5: 1 Min <= 20: 31 Max Rain: 15.5 ON 23-12-07 Days of Rain: 3 (> .2mm) 3 (> 2mm) 0 (> 20mm)