Rapporti Climatici in stile NOAA
Selezionare un Anno o un Mese
2024: Gen Feb Mar Apr Mag Giu Lug Ago Set Ott Nov Dic
2023: Gen Feb Mar Apr Mag Giu Lug Ago Set Ott Nov Dic
2022: Gen Feb Mar Apr Mag Giu Lug Ago Set Ott Nov Dic
2021: Gen Feb Mar Apr Mag Giu Lug Ago Set Ott Nov Dic
2020: Gen Feb Mar Apr Mag Giu Lug Ago Set Ott Nov Dic
2019: Gen Feb Mar Apr Mag Giu Lug Ago Set Ott Nov Dic
2018: Gen Feb Mar Apr Mag Giu Lug Ago Set Ott Nov Dic
2017: Gen Feb Mar Apr Mag Giu Lug Ago Set Ott Nov Dic
2016: Gen Feb Mar Apr Mag Giu Lug Ago Set Ott Nov Dic
2015: Gen Feb Mar Apr Mag Giu Lug Ago Set Ott Nov Dic
2014: Gen Feb Mar Apr Mag Giu Lug Ago Set Ott Nov Dic
2013: Gen Feb Mar Apr Mag Giu Lug Ago Set Ott Nov Dic
2012: Gen Feb Mar Apr Mag Giu Lug Ago Set Ott Nov Dic
2011: Gen Feb Mar Apr Mag Giu Lug Ago Set Ott Nov Dic
2010: Gen Feb Mar Apr Mag Giu Lug Ago Set Ott Nov Dic
2009: Gen Feb Mar Apr Mag Giu Lug Ago Set Ott Nov Dic
2008: Gen Feb Mar Apr Mag Giu Lug Ago Set Ott Nov Dic
2007: Gen Feb Mar Apr Mag Giu Lug Ago Set Ott Nov Dic
2006: Gen Feb Mar Apr Mag Giu Lug Ago Set Ott Nov Dic
2024: Gen Feb Mar Apr Mag Giu Lug Ago Set Ott Nov Dic
2023: Gen Feb Mar Apr Mag Giu Lug Ago Set Ott Nov Dic
2022: Gen Feb Mar Apr Mag Giu Lug Ago Set Ott Nov Dic
2021: Gen Feb Mar Apr Mag Giu Lug Ago Set Ott Nov Dic
2020: Gen Feb Mar Apr Mag Giu Lug Ago Set Ott Nov Dic
2019: Gen Feb Mar Apr Mag Giu Lug Ago Set Ott Nov Dic
2018: Gen Feb Mar Apr Mag Giu Lug Ago Set Ott Nov Dic
2017: Gen Feb Mar Apr Mag Giu Lug Ago Set Ott Nov Dic
2016: Gen Feb Mar Apr Mag Giu Lug Ago Set Ott Nov Dic
2015: Gen Feb Mar Apr Mag Giu Lug Ago Set Ott Nov Dic
2014: Gen Feb Mar Apr Mag Giu Lug Ago Set Ott Nov Dic
2013: Gen Feb Mar Apr Mag Giu Lug Ago Set Ott Nov Dic
2012: Gen Feb Mar Apr Mag Giu Lug Ago Set Ott Nov Dic
2011: Gen Feb Mar Apr Mag Giu Lug Ago Set Ott Nov Dic
2010: Gen Feb Mar Apr Mag Giu Lug Ago Set Ott Nov Dic
2009: Gen Feb Mar Apr Mag Giu Lug Ago Set Ott Nov Dic
2008: Gen Feb Mar Apr Mag Giu Lug Ago Set Ott Nov Dic
2007: Gen Feb Mar Apr Mag Giu Lug Ago Set Ott Nov Dic
2006: Gen Feb Mar Apr Mag Giu Lug Ago Set Ott Nov Dic
Archivio 2007 Novembre
MONTHLY CLIMATOLOGICAL SUMMARY for NOV. 2007 Name: San Fruttuoso City: Genova State: Italy Elevation: 70 m Lat: N 44° 24' 34" Lon: E 008° 57' 38" Temperature (°C), Rain (mm), Wind Speed (km/h) Heat Cool Avg Mean Deg Deg Wind Dom Day Temp High Time Low Time Days Days Rain Speed High Time Dir ------------------------------------------------------------------------------------- 03 16.1 19.7 14:37 13.4 23:17 02.2 00.0 00.0 04.0 18.5 23:27 NE 04 14.1 17.9 12:53 10.3 07:21 04.2 00.0 00.0 06.8 27.8 20:55 NNW 05 13.8 18.6 14:25 10.3 07:19 04.5 00.0 00.0 07.2 37.0 20:45 NNW 06 14.0 16.5 12:50 11.4 00:00 04.3 00.0 00.0 04.9 25.9 19:00 N 07 13.4 17.4 11:40 10.6 06:36 04.9 00.0 00.0 05.9 29.6 05:21 ENE 08 13.8 17.1 11:55 10.3 04:47 04.5 00.0 00.0 08.0 25.9 23:10 E 09 12.7 18.5 12:33 08.9 06:54 05.6 00.0 00.0 10.1 66.6 15:28 NNW 10 11.1 14.9 12:58 07.4 08:13 07.2 00.0 00.0 08.8 29.6 13:33 NNW 11 11.6 16.0 11:48 07.7 06:03 06.7 00.0 00.0 08.7 31.4 13:58 N 12 11.9 16.3 15:23 08.9 06:53 06.4 00.0 00.0 06.8 25.9 22:33 NNW 13 10.9 13.9 14:30 08.8 07:36 07.4 00.0 00.0 06.0 35.1 02:51 N 14 10.7 12.3 16:15 07.8 09:10 07.6 00.0 00.0 07.7 48.1 10:40 NNW 15 08.4 10.3 00:06 07.2 06:46 09.9 00.0 00.0 06.1 44.4 02:36 N 16 07.5 08.8 15:25 06.2 05:51 10.8 00.0 00.0 07.9 44.4 11:10 N 17 06.8 09.3 15:00 04.9 00:00 11.5 00.0 00.0 05.3 33.3 06:10 N 18 07.2 11.8 11:51 03.8 06:46 11.1 00.0 00.0 07.4 31.4 04:41 NNW 19 07.4 09.0 02:26 05.9 09:08 10.9 00.0 00.5 06.7 31.4 06:36 N 20 09.2 11.9 14:04 06.6 01:32 09.1 00.0 00.0 07.6 29.6 22:50 NNW 21 07.4 10.6 03:40 05.4 21:39 10.9 00.0 06.7 10.8 51.8 19:49 NNE 22 06.1 07.7 23:17 05.3 10:03 12.2 00.0 101.5 12.9 53.6 13:33 NNE 23 09.6 11.7 16:44 07.3 02:02 08.7 00.0 56.0 13.0 46.3 07:22 N 24 10.3 12.1 00:00 08.9 08:52 08.0 00.0 29.6 06.6 40.7 07:07 NNE 25 12.7 15.8 15:24 09.6 00:00 05.6 00.0 00.0 03.1 22.2 13:23 NNW 26 11.9 15.3 11:24 09.3 07:55 06.4 00.0 00.0 05.1 18.5 00:41 NNW 27 09.7 12.4 00:41 08.1 00:00 08.6 00.0 00.0 09.8 57.4 12:29 N 28 08.2 10.4 08:48 06.8 06:08 10.1 00.0 00.0 11.0 48.1 17:14 N 29 08.1 10.3 13:19 06.8 07:57 10.2 00.0 00.0 07.4 42.5 10:54 N 30 09.1 12.8 11:44 05.3 08:09 09.2 00.0 00.0 05.7 22.2 04:55 NNW ------------------------------------------------------------------------------------- 10.7(10.8)19.7 day 03 03.8 day 18 237.0 000.0 194.3 07.8 66.6 day 09 N Min <= 20: 31 Max Rain: 101.5 ON 22-11-07 Days of Rain: 5 (> .2mm) 4 (> 2mm) 3 (> 20mm)