Rapporti Climatici in stile NOAA
Selezionare un Anno o un Mese
2024: Gen Feb Mar Apr Mag Giu Lug Ago Set Ott Nov Dic
2023: Gen Feb Mar Apr Mag Giu Lug Ago Set Ott Nov Dic
2022: Gen Feb Mar Apr Mag Giu Lug Ago Set Ott Nov Dic
2021: Gen Feb Mar Apr Mag Giu Lug Ago Set Ott Nov Dic
2020: Gen Feb Mar Apr Mag Giu Lug Ago Set Ott Nov Dic
2019: Gen Feb Mar Apr Mag Giu Lug Ago Set Ott Nov Dic
2018: Gen Feb Mar Apr Mag Giu Lug Ago Set Ott Nov Dic
2017: Gen Feb Mar Apr Mag Giu Lug Ago Set Ott Nov Dic
2016: Gen Feb Mar Apr Mag Giu Lug Ago Set Ott Nov Dic
2015: Gen Feb Mar Apr Mag Giu Lug Ago Set Ott Nov Dic
2014: Gen Feb Mar Apr Mag Giu Lug Ago Set Ott Nov Dic
2013: Gen Feb Mar Apr Mag Giu Lug Ago Set Ott Nov Dic
2012: Gen Feb Mar Apr Mag Giu Lug Ago Set Ott Nov Dic
2011: Gen Feb Mar Apr Mag Giu Lug Ago Set Ott Nov Dic
2010: Gen Feb Mar Apr Mag Giu Lug Ago Set Ott Nov Dic
2009: Gen Feb Mar Apr Mag Giu Lug Ago Set Ott Nov Dic
2008: Gen Feb Mar Apr Mag Giu Lug Ago Set Ott Nov Dic
2007: Gen Feb Mar Apr Mag Giu Lug Ago Set Ott Nov Dic
2006: Gen Feb Mar Apr Mag Giu Lug Ago Set Ott Nov Dic
2024: Gen Feb Mar Apr Mag Giu Lug Ago Set Ott Nov Dic
2023: Gen Feb Mar Apr Mag Giu Lug Ago Set Ott Nov Dic
2022: Gen Feb Mar Apr Mag Giu Lug Ago Set Ott Nov Dic
2021: Gen Feb Mar Apr Mag Giu Lug Ago Set Ott Nov Dic
2020: Gen Feb Mar Apr Mag Giu Lug Ago Set Ott Nov Dic
2019: Gen Feb Mar Apr Mag Giu Lug Ago Set Ott Nov Dic
2018: Gen Feb Mar Apr Mag Giu Lug Ago Set Ott Nov Dic
2017: Gen Feb Mar Apr Mag Giu Lug Ago Set Ott Nov Dic
2016: Gen Feb Mar Apr Mag Giu Lug Ago Set Ott Nov Dic
2015: Gen Feb Mar Apr Mag Giu Lug Ago Set Ott Nov Dic
2014: Gen Feb Mar Apr Mag Giu Lug Ago Set Ott Nov Dic
2013: Gen Feb Mar Apr Mag Giu Lug Ago Set Ott Nov Dic
2012: Gen Feb Mar Apr Mag Giu Lug Ago Set Ott Nov Dic
2011: Gen Feb Mar Apr Mag Giu Lug Ago Set Ott Nov Dic
2010: Gen Feb Mar Apr Mag Giu Lug Ago Set Ott Nov Dic
2009: Gen Feb Mar Apr Mag Giu Lug Ago Set Ott Nov Dic
2008: Gen Feb Mar Apr Mag Giu Lug Ago Set Ott Nov Dic
2007: Gen Feb Mar Apr Mag Giu Lug Ago Set Ott Nov Dic
2006: Gen Feb Mar Apr Mag Giu Lug Ago Set Ott Nov Dic
Archivio 2007 Maggio
MONTHLY CLIMATOLOGICAL SUMMARY for MAY. 2007 Name: San Fruttuoso City: Genova State: Italy Elevation: 70 m Lat: N 44° 24' 34" Lon: E 008° 57' 38" Temperature (°C), Rain (mm), Wind Speed (km/h) Heat Cool Avg Mean Deg Deg Wind Dom Day Temp High Time Low Time Days Days Rain Speed High Time Dir ------------------------------------------------------------------------------------- 01 17.8 21.9 16:40 13.8 00:37 00.5 00.0 00.0 04.4 24.1 10:43 N 02 16.1 17.9 15:30 12.2 07:48 02.2 00.0 20.2 05.3 42.5 06:54 SSE 03 14.6 17.1 14:30 13.2 05:01 03.7 00.0 01.0 02.8 27.8 22:40 N 04 13.9 17.6 13:45 11.8 07:00 04.4 00.0 39.9 04.1 33.3 01:51 ENE 05 14.4 18.2 18:30 12.4 04:32 03.9 00.0 07.8 01.3 18.5 17:45 NNE 06 16.0 18.8 11:48 12.2 04:03 02.3 00.0 03.1 01.9 18.5 17:15 W 07 19.4 24.4 12:15 14.8 02:10 00.0 01.1 00.0 01.5 25.9 03:00 ENE 08 16.9 19.8 16:30 12.9 06:03 01.4 00.0 00.0 04.7 25.9 14:05 SSE 09 17.3 20.9 12:35 13.7 06:30 01.0 00.0 00.0 03.4 18.5 16:45 W 10 18.3 20.6 13:09 16.0 04:59 00.0 00.0 00.0 02.6 20.4 12:44 SSW 11 18.3 20.0 15:26 16.9 05:56 00.0 00.0 00.0 09.3 33.3 16:31 SE 12 18.5 20.4 18:06 17.2 05:58 00.0 00.2 00.0 07.1 31.4 13:30 SSE 13 19.6 21.6 17:46 17.3 02:08 00.0 01.3 00.0 04.8 33.3 10:20 SSE 14 19.4 21.7 13:21 16.3 06:52 00.0 01.1 00.0 11.1 46.3 18:16 SE 15 17.6 19.8 17:55 15.4 00:00 00.7 00.0 00.0 10.1 40.7 12:40 SE 16 16.2 19.6 14:45 11.3 05:59 02.1 00.0 00.0 04.3 25.9 17:35 SW 17 16.2 19.0 13:40 13.4 05:03 02.1 00.0 00.0 06.5 40.7 16:35 SE 18 18.2 22.6 15:10 12.5 05:53 00.1 00.0 00.0 02.4 22.2 17:25 W 19 18.3 21.9 17:00 14.2 06:59 00.0 00.0 00.0 04.6 24.1 14:35 NW 20 19.7 23.5 18:40 14.9 04:26 00.0 01.4 00.0 02.0 20.4 04:16 WNW 21 21.9 25.1 15:10 18.3 01:30 00.0 03.6 00.0 02.0 22.2 11:15 S 22 21.6 25.1 13:45 18.3 06:52 00.0 03.3 00.0 01.6 16.6 14:00 WNW 23 22.4 25.6 14:50 18.0 05:38 00.0 04.1 00.0 01.4 16.6 16:10 WNW 24 25.7 29.6 13:05 22.3 05:08 00.0 07.4 00.0 04.2 27.8 03:28 NNE 25 24.6 27.5 17:26 20.8 04:27 00.0 06.3 00.0 04.2 24.1 05:57 N 26 21.2 23.2 14:45 18.3 08:23 00.0 02.9 07.8 05.3 33.3 09:23 SE 27 19.5 21.1 14:36 17.8 00:00 00.0 01.2 00.0 14.0 33.3 23:46 SSE 28 15.1 18.3 15:01 11.5 22:43 03.2 00.0 08.3 13.4 44.4 18:36 SSE 29 15.8 19.9 11:18 11.3 04:48 02.5 00.0 00.5 02.3 62.9 00:13 NW 30 17.3 22.0 12:25 12.6 03:36 01.0 00.0 00.0 05.2 31.4 06:51 W 31 15.9 18.8 12:19 13.4 05:35 02.4 00.0 00.5 05.5 29.6 15:34 SE ------------------------------------------------------------------------------------- 18.3(18.2)29.6 day 24 11.3 day 29 033.6 033.9 089.1 04.9 62.9 day 28 SSE Min <= 20: 29 Max Rain: 39.9 ON 4-05-07 Days of Rain: 9 (> .2mm) 6 (> 2mm) 2 (> 20mm)