Rapporti Climatici in stile NOAA
Selezionare un Anno o un Mese
2024: Gen Feb Mar Apr Mag Giu Lug Ago Set Ott Nov Dic
2023: Gen Feb Mar Apr Mag Giu Lug Ago Set Ott Nov Dic
2022: Gen Feb Mar Apr Mag Giu Lug Ago Set Ott Nov Dic
2021: Gen Feb Mar Apr Mag Giu Lug Ago Set Ott Nov Dic
2020: Gen Feb Mar Apr Mag Giu Lug Ago Set Ott Nov Dic
2019: Gen Feb Mar Apr Mag Giu Lug Ago Set Ott Nov Dic
2018: Gen Feb Mar Apr Mag Giu Lug Ago Set Ott Nov Dic
2017: Gen Feb Mar Apr Mag Giu Lug Ago Set Ott Nov Dic
2016: Gen Feb Mar Apr Mag Giu Lug Ago Set Ott Nov Dic
2015: Gen Feb Mar Apr Mag Giu Lug Ago Set Ott Nov Dic
2014: Gen Feb Mar Apr Mag Giu Lug Ago Set Ott Nov Dic
2013: Gen Feb Mar Apr Mag Giu Lug Ago Set Ott Nov Dic
2012: Gen Feb Mar Apr Mag Giu Lug Ago Set Ott Nov Dic
2011: Gen Feb Mar Apr Mag Giu Lug Ago Set Ott Nov Dic
2010: Gen Feb Mar Apr Mag Giu Lug Ago Set Ott Nov Dic
2009: Gen Feb Mar Apr Mag Giu Lug Ago Set Ott Nov Dic
2008: Gen Feb Mar Apr Mag Giu Lug Ago Set Ott Nov Dic
2007: Gen Feb Mar Apr Mag Giu Lug Ago Set Ott Nov Dic
2006: Gen Feb Mar Apr Mag Giu Lug Ago Set Ott Nov Dic
2024: Gen Feb Mar Apr Mag Giu Lug Ago Set Ott Nov Dic
2023: Gen Feb Mar Apr Mag Giu Lug Ago Set Ott Nov Dic
2022: Gen Feb Mar Apr Mag Giu Lug Ago Set Ott Nov Dic
2021: Gen Feb Mar Apr Mag Giu Lug Ago Set Ott Nov Dic
2020: Gen Feb Mar Apr Mag Giu Lug Ago Set Ott Nov Dic
2019: Gen Feb Mar Apr Mag Giu Lug Ago Set Ott Nov Dic
2018: Gen Feb Mar Apr Mag Giu Lug Ago Set Ott Nov Dic
2017: Gen Feb Mar Apr Mag Giu Lug Ago Set Ott Nov Dic
2016: Gen Feb Mar Apr Mag Giu Lug Ago Set Ott Nov Dic
2015: Gen Feb Mar Apr Mag Giu Lug Ago Set Ott Nov Dic
2014: Gen Feb Mar Apr Mag Giu Lug Ago Set Ott Nov Dic
2013: Gen Feb Mar Apr Mag Giu Lug Ago Set Ott Nov Dic
2012: Gen Feb Mar Apr Mag Giu Lug Ago Set Ott Nov Dic
2011: Gen Feb Mar Apr Mag Giu Lug Ago Set Ott Nov Dic
2010: Gen Feb Mar Apr Mag Giu Lug Ago Set Ott Nov Dic
2009: Gen Feb Mar Apr Mag Giu Lug Ago Set Ott Nov Dic
2008: Gen Feb Mar Apr Mag Giu Lug Ago Set Ott Nov Dic
2007: Gen Feb Mar Apr Mag Giu Lug Ago Set Ott Nov Dic
2006: Gen Feb Mar Apr Mag Giu Lug Ago Set Ott Nov Dic
Archivio 2006 Dicembre
MONTHLY CLIMATOLOGICAL SUMMARY for DEC. 2006 Name: San Fruttuoso City: Genova State: Italy Elevation: 70 m Lat: N 44° 24' 34" Lon: E 008° 57' 38" Temperature (°C), Rain (mm), Wind Speed (km/h) Heat Cool Avg Mean Deg Deg Wind Dom Day Temp High Time Low Time Days Days Rain Speed High Time Dir ------------------------------------------------------------------------------------- 05 14.6 17.5 11:43 11.1 04:40 03.7 00.0 01.6 10.8 37.0 19:31 NNW 06 15.3 16.6 12:16 11.9 00:00 03.0 00.0 73.1 11.8 61.0 10:01 NNE 07 13.0 15.4 23:45 10.4 02:41 05.3 00.0 21.8 06.7 40.7 23:40 N 08 15.0 15.8 13:20 13.2 16:55 03.3 00.0 19.7 24.1 77.7 23:00 NNE 09 12.3 15.2 11:46 08.1 00:00 06.0 00.0 00.5 13.8 66.6 00:25 NNE 10 10.0 14.6 14:05 07.4 08:56 08.3 00.0 00.0 06.8 44.4 19:45 NNE 11 08.6 11.1 15:35 06.9 05:11 09.7 00.0 00.0 07.8 50.0 02:41 N 12 08.9 12.8 13:31 05.8 06:34 09.4 00.0 00.0 08.4 22.2 04:30 N 13 09.5 12.3 14:15 07.6 07:59 08.8 00.0 00.0 08.5 33.3 22:50 NNE 14 11.1 14.5 13:38 09.1 04:28 07.2 00.0 00.0 07.5 40.7 07:03 NNE 15 13.2 16.1 13:45 10.6 03:35 05.1 00.0 00.0 09.4 33.3 09:10 N 16 12.2 13.8 01:09 10.8 23:10 06.1 00.0 14.5 06.7 31.4 23:10 N 17 09.9 11.3 00:15 08.5 00:00 08.4 00.0 00.5 09.5 38.9 11:43 N 18 08.7 10.9 13:05 07.4 06:13 09.6 00.0 00.0 07.5 35.1 07:43 N 19 08.5 11.1 14:15 07.2 06:06 09.8 00.0 00.0 07.3 42.5 11:09 N 20 07.8 10.3 13:01 06.1 00:00 10.5 00.0 00.0 10.2 48.1 23:28 N 21 07.0 09.3 22:42 05.4 05:38 11.3 00.0 00.0 10.3 48.1 13:11 NNE 22 08.8 10.6 13:51 06.8 00:00 09.5 00.0 00.0 07.9 44.4 14:11 N 23 06.6 08.2 15:29 05.1 05:14 11.7 00.0 00.0 13.4 61.0 11:49 NNE 24 10.4 13.4 23:20 06.6 01:05 07.9 00.0 00.0 09.7 40.7 00:20 SE 25 12.7 14.3 15:24 10.9 07:20 05.6 00.0 00.0 09.0 37.0 18:44 N 26 10.8 13.7 14:10 07.2 00:00 07.5 00.0 00.0 08.9 40.7 22:35 SE 27 09.1 13.4 12:20 05.8 02:08 09.2 00.0 00.0 08.8 37.0 01:08 SSE 28 11.4 13.4 14:16 09.4 02:10 06.9 00.0 00.0 04.7 24.1 14:21 SE 29 11.8 13.4 11:10 09.3 00:00 06.5 00.0 00.0 05.9 29.6 14:00 N 30 11.3 13.6 23:51 08.7 07:26 07.0 00.0 00.0 05.7 16.6 17:35 N 31 13.5 15.3 10:37 12.5 17:05 04.8 00.0 00.5 08.6 35.1 23:51 N ------------------------------------------------------------------------------------- 10.8(10.9)17.5 day 05 05.1 day 23 202.1 000.0 142.9 09.2 77.7 day 08 NNE Min <= 20: 27 Max Rain: 73.1 ON 6-12-06 Days of Rain: 8 (> .2mm) 4 (> 2mm) 2 (> 20mm)