Rapporti Climatici in stile NOAA
Selezionare un Anno o un Mese
2024: Gen Feb Mar Apr Mag Giu Lug Ago Set Ott Nov Dic
2023: Gen Feb Mar Apr Mag Giu Lug Ago Set Ott Nov Dic
2022: Gen Feb Mar Apr Mag Giu Lug Ago Set Ott Nov Dic
2021: Gen Feb Mar Apr Mag Giu Lug Ago Set Ott Nov Dic
2020: Gen Feb Mar Apr Mag Giu Lug Ago Set Ott Nov Dic
2019: Gen Feb Mar Apr Mag Giu Lug Ago Set Ott Nov Dic
2018: Gen Feb Mar Apr Mag Giu Lug Ago Set Ott Nov Dic
2017: Gen Feb Mar Apr Mag Giu Lug Ago Set Ott Nov Dic
2016: Gen Feb Mar Apr Mag Giu Lug Ago Set Ott Nov Dic
2015: Gen Feb Mar Apr Mag Giu Lug Ago Set Ott Nov Dic
2014: Gen Feb Mar Apr Mag Giu Lug Ago Set Ott Nov Dic
2013: Gen Feb Mar Apr Mag Giu Lug Ago Set Ott Nov Dic
2012: Gen Feb Mar Apr Mag Giu Lug Ago Set Ott Nov Dic
2011: Gen Feb Mar Apr Mag Giu Lug Ago Set Ott Nov Dic
2010: Gen Feb Mar Apr Mag Giu Lug Ago Set Ott Nov Dic
2009: Gen Feb Mar Apr Mag Giu Lug Ago Set Ott Nov Dic
2008: Gen Feb Mar Apr Mag Giu Lug Ago Set Ott Nov Dic
2007: Gen Feb Mar Apr Mag Giu Lug Ago Set Ott Nov Dic
2006: Gen Feb Mar Apr Mag Giu Lug Ago Set Ott Nov Dic
2024: Gen Feb Mar Apr Mag Giu Lug Ago Set Ott Nov Dic
2023: Gen Feb Mar Apr Mag Giu Lug Ago Set Ott Nov Dic
2022: Gen Feb Mar Apr Mag Giu Lug Ago Set Ott Nov Dic
2021: Gen Feb Mar Apr Mag Giu Lug Ago Set Ott Nov Dic
2020: Gen Feb Mar Apr Mag Giu Lug Ago Set Ott Nov Dic
2019: Gen Feb Mar Apr Mag Giu Lug Ago Set Ott Nov Dic
2018: Gen Feb Mar Apr Mag Giu Lug Ago Set Ott Nov Dic
2017: Gen Feb Mar Apr Mag Giu Lug Ago Set Ott Nov Dic
2016: Gen Feb Mar Apr Mag Giu Lug Ago Set Ott Nov Dic
2015: Gen Feb Mar Apr Mag Giu Lug Ago Set Ott Nov Dic
2014: Gen Feb Mar Apr Mag Giu Lug Ago Set Ott Nov Dic
2013: Gen Feb Mar Apr Mag Giu Lug Ago Set Ott Nov Dic
2012: Gen Feb Mar Apr Mag Giu Lug Ago Set Ott Nov Dic
2011: Gen Feb Mar Apr Mag Giu Lug Ago Set Ott Nov Dic
2010: Gen Feb Mar Apr Mag Giu Lug Ago Set Ott Nov Dic
2009: Gen Feb Mar Apr Mag Giu Lug Ago Set Ott Nov Dic
2008: Gen Feb Mar Apr Mag Giu Lug Ago Set Ott Nov Dic
2007: Gen Feb Mar Apr Mag Giu Lug Ago Set Ott Nov Dic
2006: Gen Feb Mar Apr Mag Giu Lug Ago Set Ott Nov Dic
Archivio 2023 Marzo
Monthly Climatological Summary for mar 2023 Name: San Fruttuoso City: Genova State: Italy Elevation: 70 m Lat: N 44° 24' 32" Lon: E 008° 57' 37" Temperature (°C), Rain (mm), Wind Speed (km/h) Heat Cool Avg Mean Deg Deg Wind Dom Day Temp High Time Low Time Days Days Rain Speed High Time Dir ---------------------------------------------------------------------------------- 01 6.9 8.3 12:13 5.7 01:53 11.4 0.0 1.0 9.5 45.0 02:50 N 02 8.6 14.3 16:31 5.2 04:32 9.7 0.0 0.0 9.5 42.0 12:19 N 03 11.9 15.5 17:17 8.7 00:04 6.4 0.0 0.0 6.7 29.0 01:41 NNE 04 12.9 17.5 14:22 8.9 23:59 5.4 0.0 0.0 6.4 29.0 12:19 NW 05 10.4 13.7 13:57 6.6 06:52 7.9 0.0 0.0 10.9 34.0 18:04 SE 06 11.9 13.8 15:17 10.9 01:37 6.4 0.0 0.5 10.4 34.0 12:03 SE 07 12.3 13.6 11:28 10.6 02:58 6.0 0.0 0.0 11.1 40.0 12:52 SE 08 12.9 14.5 12:18 11.8 04:57 5.4 0.0 2.8 12.1 40.0 11:05 SE 09 14.1 16.6 12:33 12.9 06:27 4.2 0.0 2.8 10.4 42.0 13:43 SE 10 14.5 16.7 15:17 13.1 03:49 3.8 0.0 0.0 8.0 32.0 00:46 SE 11 13.8 17.1 15:51 9.9 07:04 4.5 0.0 0.0 5.0 19.0 11:50 WSW 12 15.1 18.6 12:51 11.8 03:14 3.2 0.0 0.0 3.8 18.0 13:08 W 13 13.4 15.4 12:47 11.1 01:57 4.9 0.0 1.3 11.5 40.0 16:37 ESE 14 13.8 16.4 13:44 12.6 07:02 4.5 0.0 4.8 11.8 50.0 04:42 SE 15 14.2 17.5 13:50 11.9 05:53 4.1 0.0 0.0 8.3 42.0 12:03 NNW 16 11.0 13.9 15:30 7.1 06:04 7.3 0.0 0.0 8.0 24.0 12:33 WNW 17 11.7 14.4 14:22 8.4 01:21 6.6 0.0 0.0 5.7 23.0 07:29 ENE 18 11.5 14.8 13:06 7.4 05:44 6.8 0.0 0.0 8.2 29.0 10:42 SE 19 12.5 14.5 12:49 10.1 07:42 5.8 0.0 0.0 5.0 18.0 13:04 WNW 20 13.8 17.8 13:55 11.1 23:57 4.5 0.0 0.0 5.7 29.0 14:38 NW 21 13.2 15.4 13:27 10.0 02:46 5.1 0.0 0.0 4.5 19.0 13:45 S 22 12.7 15.7 12:44 9.3 06:26 5.6 0.0 0.0 6.0 23.0 12:20 SSW 23 13.1 16.3 13:49 10.0 05:11 5.2 0.0 0.0 8.5 26.0 12:57 SE 24 14.0 15.2 12:29 12.8 00:47 4.3 0.0 1.3 14.3 37.0 11:49 SE 25 14.6 17.7 14:01 12.5 07:02 3.7 0.0 0.5 6.0 29.0 00:46 SE 26 12.6 14.8 11:49 9.8 05:36 5.7 0.0 6.6 9.0 40.0 10:45 ESE 27 14.4 19.9 15:49 8.7 03:49 4.0 0.1 0.0 11.5 50.0 12:17 NW 28 12.1 14.3 09:41 8.6 23:50 6.2 0.0 0.0 7.6 37.0 00:04 SE 29 12.3 15.3 13:42 7.9 01:33 6.0 0.0 0.3 9.4 39.0 11:21 SE 30 13.6 15.3 14:03 12.2 04:50 4.7 0.0 3.3 13.8 40.0 15:35 SE 31 13.0 14.0 11:09 11.0 23:59 5.3 0.0 2.3 8.9 31.0 12:39 SE ---------------------------------------------------------------------------------- 12.7 19.9 27 5.2 2 174.6 0.1 27.5 8.6 50.0 14 SE Max >= 27.0 0 Max <= 5.0 0 Min <= 20.0 31 Min <= 0.0 0 Max Rain: 6.6 on day 26 Days of Rain: 12 (>= 0.2 mm) 6 (>= 2.0 mm) 0 (>= 20.0 mm) Heat Base: 18.3 Cool Base: 18.3 Method: Integration