Rapporti Climatici in stile NOAA
Selezionare un Anno o un Mese
2024: Gen Feb Mar Apr Mag Giu Lug Ago Set Ott Nov Dic
2023: Gen Feb Mar Apr Mag Giu Lug Ago Set Ott Nov Dic
2022: Gen Feb Mar Apr Mag Giu Lug Ago Set Ott Nov Dic
2021: Gen Feb Mar Apr Mag Giu Lug Ago Set Ott Nov Dic
2020: Gen Feb Mar Apr Mag Giu Lug Ago Set Ott Nov Dic
2019: Gen Feb Mar Apr Mag Giu Lug Ago Set Ott Nov Dic
2018: Gen Feb Mar Apr Mag Giu Lug Ago Set Ott Nov Dic
2017: Gen Feb Mar Apr Mag Giu Lug Ago Set Ott Nov Dic
2016: Gen Feb Mar Apr Mag Giu Lug Ago Set Ott Nov Dic
2015: Gen Feb Mar Apr Mag Giu Lug Ago Set Ott Nov Dic
2014: Gen Feb Mar Apr Mag Giu Lug Ago Set Ott Nov Dic
2013: Gen Feb Mar Apr Mag Giu Lug Ago Set Ott Nov Dic
2012: Gen Feb Mar Apr Mag Giu Lug Ago Set Ott Nov Dic
2011: Gen Feb Mar Apr Mag Giu Lug Ago Set Ott Nov Dic
2010: Gen Feb Mar Apr Mag Giu Lug Ago Set Ott Nov Dic
2009: Gen Feb Mar Apr Mag Giu Lug Ago Set Ott Nov Dic
2008: Gen Feb Mar Apr Mag Giu Lug Ago Set Ott Nov Dic
2007: Gen Feb Mar Apr Mag Giu Lug Ago Set Ott Nov Dic
2006: Gen Feb Mar Apr Mag Giu Lug Ago Set Ott Nov Dic
2024: Gen Feb Mar Apr Mag Giu Lug Ago Set Ott Nov Dic
2023: Gen Feb Mar Apr Mag Giu Lug Ago Set Ott Nov Dic
2022: Gen Feb Mar Apr Mag Giu Lug Ago Set Ott Nov Dic
2021: Gen Feb Mar Apr Mag Giu Lug Ago Set Ott Nov Dic
2020: Gen Feb Mar Apr Mag Giu Lug Ago Set Ott Nov Dic
2019: Gen Feb Mar Apr Mag Giu Lug Ago Set Ott Nov Dic
2018: Gen Feb Mar Apr Mag Giu Lug Ago Set Ott Nov Dic
2017: Gen Feb Mar Apr Mag Giu Lug Ago Set Ott Nov Dic
2016: Gen Feb Mar Apr Mag Giu Lug Ago Set Ott Nov Dic
2015: Gen Feb Mar Apr Mag Giu Lug Ago Set Ott Nov Dic
2014: Gen Feb Mar Apr Mag Giu Lug Ago Set Ott Nov Dic
2013: Gen Feb Mar Apr Mag Giu Lug Ago Set Ott Nov Dic
2012: Gen Feb Mar Apr Mag Giu Lug Ago Set Ott Nov Dic
2011: Gen Feb Mar Apr Mag Giu Lug Ago Set Ott Nov Dic
2010: Gen Feb Mar Apr Mag Giu Lug Ago Set Ott Nov Dic
2009: Gen Feb Mar Apr Mag Giu Lug Ago Set Ott Nov Dic
2008: Gen Feb Mar Apr Mag Giu Lug Ago Set Ott Nov Dic
2007: Gen Feb Mar Apr Mag Giu Lug Ago Set Ott Nov Dic
2006: Gen Feb Mar Apr Mag Giu Lug Ago Set Ott Nov Dic
Archivio 2023 Gennaio
Monthly Climatological Summary for gen 2023 Name: San Fruttuoso City: Genova State: Italy Elevation: 70 m Lat: N 44° 24' 32" Lon: E 008° 57' 37" Temperature (°C), Rain (mm), Wind Speed (km/h) Heat Cool Avg Mean Deg Deg Wind Dom Day Temp High Time Low Time Days Days Rain Speed High Time Dir ---------------------------------------------------------------------------------- 01 14.3 14.9 19:39 13.4 08:12 4.0 0.0 15.2 6.3 29.0 00:38 SE 02 14.8 16.4 12:27 13.4 03:09 3.5 0.0 0.0 5.1 26.0 13:50 ESE 03 13.8 15.2 14:36 12.7 23:36 4.5 0.0 12.2 3.0 18.0 08:10 NNE 04 13.7 15.6 14:54 12.6 01:11 4.6 0.0 0.0 5.0 16.0 01:59 SE 05 13.5 15.7 11:53 11.3 22:21 4.8 0.0 0.0 6.2 21.0 14:32 SE 06 13.1 15.1 12:25 10.7 01:50 5.2 0.0 0.0 3.7 13.0 02:39 N 07 13.1 13.9 09:32 11.2 12:12 5.2 0.0 2.5 6.1 32.0 11:13 ESE 08 13.1 14.3 07:30 8.8 23:51 5.2 0.0 23.6 8.2 34.0 07:29 SE 09 11.4 15.9 15:25 8.7 00:01 6.9 0.0 0.0 7.9 45.0 19:56 NNW 10 12.0 15.4 15:34 7.7 23:17 6.3 0.0 0.0 9.9 63.0 11:06 NNW 11 10.7 14.3 12:05 7.0 06:52 7.6 0.0 0.0 7.0 27.0 15:51 NNE 12 11.5 15.8 14:04 8.2 08:16 6.8 0.0 0.0 5.3 26.0 01:13 NNW 13 12.7 15.7 15:16 9.1 23:59 5.6 0.0 0.0 6.0 24.0 07:19 ESE 14 10.5 13.9 12:43 6.7 05:14 7.8 0.0 0.0 7.8 24.0 13:37 N 15 12.4 13.9 11:53 8.3 23:57 5.9 0.0 1.0 7.1 34.0 20:28 ESE 16 9.3 12.4 11:21 6.3 23:52 9.0 0.0 0.0 10.9 66.0 12:59 SW 17 6.4 10.8 07:40 4.2 11:35 11.9 0.0 2.8 7.1 37.0 13:09 N 18 6.9 10.9 13:20 4.6 23:24 11.4 0.0 0.3 8.0 34.0 22:49 N 19 4.3 6.3 14:22 3.1 05:07 14.0 0.0 3.0 9.6 40.0 07:43 N 20 5.0 7.6 14:54 3.2 04:19 13.3 0.0 0.0 9.0 34.0 05:32 NNW 21 5.7 7.8 21:48 3.1 06:44 12.6 0.0 0.0 7.5 35.0 11:33 N 22 6.5 7.7 14:30 5.7 06:23 11.8 0.0 0.0 5.1 24.0 15:36 NNW 23 6.6 9.3 21:34 5.1 15:58 11.7 0.0 0.0 8.9 43.0 05:18 NNW 24 9.1 12.6 14:26 6.9 07:52 9.2 0.0 0.0 7.4 32.0 19:39 N 25 8.5 11.3 16:18 6.9 23:30 9.8 0.0 0.0 9.3 43.0 16:19 NNW 26 7.2 9.7 14:57 5.3 06:58 11.1 0.0 0.0 10.1 43.0 12:14 N 27 5.2 7.9 15:23 2.6 08:28 13.1 0.0 0.0 10.6 48.0 15:24 NNW 28 5.8 8.1 15:03 3.9 06:35 12.5 0.0 0.0 7.4 37.0 13:25 NNW 29 6.8 10.2 15:55 4.5 06:34 11.5 0.0 0.0 7.4 35.0 14:36 N 30 7.4 10.9 14:59 3.2 05:12 10.8 0.0 0.0 7.4 24.0 11:59 N 31 9.4 12.8 14:33 5.2 05:09 8.9 0.0 0.0 6.1 29.0 08:14 NNW ---------------------------------------------------------------------------------- 9.7 16.4 2 2.6 27 266.5 0.0 60.6 7.3 66.0 16 N Max >= 27.0 0 Max <= 5.0 0 Min <= 20.0 31 Min <= 0.0 0 Max Rain: 23.6 on day 8 Days of Rain: 8 (>= 0.2 mm) 6 (>= 2.0 mm) 1 (>= 20.0 mm) Heat Base: 18.3 Cool Base: 18.3 Method: Integration