Rapporti Climatici in stile NOAA
Selezionare un Anno o un Mese
2024: Gen Feb Mar Apr Mag Giu Lug Ago Set Ott Nov Dic
2023: Gen Feb Mar Apr Mag Giu Lug Ago Set Ott Nov Dic
2022: Gen Feb Mar Apr Mag Giu Lug Ago Set Ott Nov Dic
2021: Gen Feb Mar Apr Mag Giu Lug Ago Set Ott Nov Dic
2020: Gen Feb Mar Apr Mag Giu Lug Ago Set Ott Nov Dic
2019: Gen Feb Mar Apr Mag Giu Lug Ago Set Ott Nov Dic
2018: Gen Feb Mar Apr Mag Giu Lug Ago Set Ott Nov Dic
2017: Gen Feb Mar Apr Mag Giu Lug Ago Set Ott Nov Dic
2016: Gen Feb Mar Apr Mag Giu Lug Ago Set Ott Nov Dic
2015: Gen Feb Mar Apr Mag Giu Lug Ago Set Ott Nov Dic
2014: Gen Feb Mar Apr Mag Giu Lug Ago Set Ott Nov Dic
2013: Gen Feb Mar Apr Mag Giu Lug Ago Set Ott Nov Dic
2012: Gen Feb Mar Apr Mag Giu Lug Ago Set Ott Nov Dic
2011: Gen Feb Mar Apr Mag Giu Lug Ago Set Ott Nov Dic
2010: Gen Feb Mar Apr Mag Giu Lug Ago Set Ott Nov Dic
2009: Gen Feb Mar Apr Mag Giu Lug Ago Set Ott Nov Dic
2008: Gen Feb Mar Apr Mag Giu Lug Ago Set Ott Nov Dic
2007: Gen Feb Mar Apr Mag Giu Lug Ago Set Ott Nov Dic
2006: Gen Feb Mar Apr Mag Giu Lug Ago Set Ott Nov Dic
2024: Gen Feb Mar Apr Mag Giu Lug Ago Set Ott Nov Dic
2023: Gen Feb Mar Apr Mag Giu Lug Ago Set Ott Nov Dic
2022: Gen Feb Mar Apr Mag Giu Lug Ago Set Ott Nov Dic
2021: Gen Feb Mar Apr Mag Giu Lug Ago Set Ott Nov Dic
2020: Gen Feb Mar Apr Mag Giu Lug Ago Set Ott Nov Dic
2019: Gen Feb Mar Apr Mag Giu Lug Ago Set Ott Nov Dic
2018: Gen Feb Mar Apr Mag Giu Lug Ago Set Ott Nov Dic
2017: Gen Feb Mar Apr Mag Giu Lug Ago Set Ott Nov Dic
2016: Gen Feb Mar Apr Mag Giu Lug Ago Set Ott Nov Dic
2015: Gen Feb Mar Apr Mag Giu Lug Ago Set Ott Nov Dic
2014: Gen Feb Mar Apr Mag Giu Lug Ago Set Ott Nov Dic
2013: Gen Feb Mar Apr Mag Giu Lug Ago Set Ott Nov Dic
2012: Gen Feb Mar Apr Mag Giu Lug Ago Set Ott Nov Dic
2011: Gen Feb Mar Apr Mag Giu Lug Ago Set Ott Nov Dic
2010: Gen Feb Mar Apr Mag Giu Lug Ago Set Ott Nov Dic
2009: Gen Feb Mar Apr Mag Giu Lug Ago Set Ott Nov Dic
2008: Gen Feb Mar Apr Mag Giu Lug Ago Set Ott Nov Dic
2007: Gen Feb Mar Apr Mag Giu Lug Ago Set Ott Nov Dic
2006: Gen Feb Mar Apr Mag Giu Lug Ago Set Ott Nov Dic
Archivio 2021 Novembre
Monthly Climatological Summary for nov 2021 Name: San Fruttuoso City: Genova State: Italy Elevation: 70 m Lat: N 44° 24' 32" Lon: E 008° 57' 37" Temperature (°C), Rain (mm), Wind Speed (km/h) Heat Cool Avg Mean Deg Deg Wind Dom Day Temp High Time Low Time Days Days Rain Speed High Time Dir ---------------------------------------------------------------------------------- 01 12.0 13.6 01:02 10.7 10:49 6.3 0.0 74.9 10.2 53.0 16:35 N 02 14.8 18.8 12:23 10.0 01:17 3.6 0.0 0.0 6.2 27.0 16:14 NNW 03 14.1 17.2 01:48 11.6 23:13 4.2 0.0 48.0 7.0 55.0 03:24 SSE 04 12.9 16.4 15:07 10.2 06:18 5.4 0.0 3.8 6.5 29.0 12:24 N 05 12.1 14.9 12:22 10.0 07:21 6.2 0.0 0.0 8.6 32.0 14:10 N 06 12.7 15.1 15:17 10.9 02:40 5.6 0.0 0.0 10.7 47.0 14:19 NNW 07 11.6 14.0 13:27 10.0 05:40 6.7 0.0 5.1 11.7 43.0 10:08 N 08 11.6 14.4 07:57 9.3 16:54 6.7 0.0 17.0 11.7 50.0 17:46 N 09 12.1 14.4 15:30 10.8 23:57 6.2 0.0 1.8 11.6 45.0 13:46 N 10 11.4 12.7 23:58 10.1 03:03 6.9 0.0 9.7 12.4 50.0 01:37 N 11 13.7 15.3 22:59 11.8 05:42 4.6 0.0 0.0 9.9 42.0 08:27 NNE 12 16.0 19.9 12:06 12.6 05:49 2.5 0.1 0.0 6.1 29.0 01:21 N 13 13.8 15.7 13:55 13.1 00:10 4.5 0.0 90.4 6.2 39.0 14:00 NNW 14 12.8 13.6 23:24 11.9 10:16 5.5 0.0 13.5 4.1 24.0 05:32 NNE 15 14.5 18.9 14:17 12.1 08:20 3.8 0.0 6.3 6.4 32.0 11:52 NNE 16 13.5 15.7 12:00 11.4 23:33 4.8 0.0 0.5 8.6 35.0 10:58 N 17 12.2 13.7 12:56 11.2 08:11 6.1 0.0 0.3 8.4 40.0 14:09 N 18 13.8 18.2 15:06 11.7 07:45 4.5 0.0 0.0 8.2 31.0 08:08 N 19 13.3 17.4 12:39 10.4 06:48 5.0 0.0 0.0 7.4 24.0 00:11 NW 20 13.5 17.0 13:35 9.8 06:48 4.8 0.0 0.0 6.0 16.0 02:39 NW 21 14.9 16.5 12:04 12.6 23:53 3.4 0.0 20.8 8.3 35.0 08:41 SE 22 10.6 12.8 00:12 9.7 08:12 7.7 0.0 22.1 7.5 34.0 23:58 NNE 23 11.8 14.1 14:42 10.3 22:28 6.5 0.0 0.3 9.5 40.0 13:12 N 24 10.9 13.4 13:58 9.4 07:20 7.4 0.0 0.0 8.3 31.0 08:40 NNE 25 6.8 9.7 00:01 5.2 14:43 11.5 0.0 15.2 12.5 48.0 11:31 N 26 10.5 13.8 14:41 6.3 00:38 7.8 0.0 0.0 6.6 42.0 01:01 NNE 27 11.6 14.6 12:03 7.7 08:08 6.7 0.0 11.9 11.8 55.0 20:52 SSE 28 8.6 11.8 14:44 4.2 23:57 9.7 0.0 0.0 7.4 32.0 10:08 NNW 29 8.7 12.2 14:25 3.9 00:37 9.6 0.0 0.0 8.1 35.0 13:44 NNW 30 9.5 12.9 14:17 4.8 08:24 8.8 0.0 0.0 8.8 31.0 14:23 S ---------------------------------------------------------------------------------- 12.2 19.9 12 3.9 29 183.0 0.1 341.6 8.6 55.0 3 N Max >= 27.0 0 Max <= 5.0 0 Min <= 20.0 30 Min <= 0.0 0 Max Rain: 90.4 on day 13 Days of Rain: 17 (>= 0.2 mm) 13 (>= 2.0 mm) 5 (>= 20.0 mm) Heat Base: 18.3 Cool Base: 18.3 Method: Integration